{"id":49,"date":"2022-08-15T12:15:35","date_gmt":"2022-08-15T10:15:35","guid":{"rendered":"https:\/\/venimed.pl\/?page_id=49"},"modified":"2022-09-06T13:44:29","modified_gmt":"2022-09-06T11:44:29","slug":"venimed","status":"publish","type":"page","link":"https:\/\/venimed.pl\/","title":{"rendered":"O nas"},"content":{"rendered":"<h4><\/h4>\n<p>&nbsp;<\/p>\n<h4>W TROSCE O NASZYCH PACJENT\u00d3W ZAPEWNIAMY SZEROKI WACHLARZ, NAJWY\u017bSZEJ JAKO\u015aCI US\u0141UG PIEL\u0118GNIARSKICH ORAZ PO\u0141O\u017bNICZYCH NA TERENIE POWIATU POZNA\u0143SKIEGO.<\/h4>\n<p>Ofert\u0119 dedykujemy osobom indywidualnym jak i rodzicom oraz plac\u00f3wkom szkolnym.<\/p>\n<p>B\u0119dzie ona doskona\u0142ym wyborem kiedy szukasz informacji dotycz\u0105cych ochrony zdrowia Twojego dziecka w szkole, czy potrzebujesz wsparcia medycznego w domu bez kolejek w ryzykownym towarzystwie innych chorych, m\u0119cz\u0105cych dojazd\u00f3w i ogarniaj\u0105cego stresu.<\/p>\n<p>Gwarantujemy profesjonaln\u0105 pomoc, rzeteln\u0105 informacj\u0119 oraz wizyty w zaciszu domowym. Naszym celem jest dobro i komfort naszych pacjent\u00f3w, oraz kompleksowa obs\u0142uga naszych kontrahent\u00f3w.<\/p>\n","protected":false},"excerpt":{"rendered":"<p>&nbsp; W TROSCE O NASZYCH PACJENT\u00d3W ZAPEWNIAMY SZEROKI WACHLARZ, NAJWY\u017bSZEJ JAKO\u015aCI US\u0141UG PIEL\u0118GNIARSKICH ORAZ PO\u0141O\u017bNICZYCH NA TERENIE POWIATU POZNA\u0143SKIEGO. Ofert\u0119 dedykujemy osobom indywidualnym jak i rodzicom oraz plac\u00f3wkom szkolnym. B\u0119dzie ona doskona\u0142ym wyborem kiedy szukasz informacji dotycz\u0105cych ochrony zdrowia Twojego dziecka w szkole, czy potrzebujesz wsparcia medycznego w domu bez kolejek w ryzykownym towarzystwie innych chorych, m\u0119cz\u0105cych dojazd\u00f3w i ogarniaj\u0105cego [&hellip;]<\/p>\n","protected":false},"author":3,"featured_media":43,"parent":0,"menu_order":0,"comment_status":"closed","ping_status":"closed","template":"page-templates\/full-width-container.php","meta":[],"_links":{"self":[{"href":"https:\/\/venimed.pl\/index.php\/wp-json\/wp\/v2\/pages\/49"}],"collection":[{"href":"https:\/\/venimed.pl\/index.php\/wp-json\/wp\/v2\/pages"}],"about":[{"href":"https:\/\/venimed.pl\/index.php\/wp-json\/wp\/v2\/types\/page"}],"author":[{"embeddable":true,"href":"https:\/\/venimed.pl\/index.php\/wp-json\/wp\/v2\/users\/3"}],"replies":[{"embeddable":true,"href":"https:\/\/venimed.pl\/index.php\/wp-json\/wp\/v2\/comments?post=49"}],"version-history":[{"count":12,"href":"https:\/\/venimed.pl\/index.php\/wp-json\/wp\/v2\/pages\/49\/revisions"}],"predecessor-version":[{"id":485,"href":"https:\/\/venimed.pl\/index.php\/wp-json\/wp\/v2\/pages\/49\/revisions\/485"}],"wp:featuredmedia":[{"embeddable":true,"href":"https:\/\/venimed.pl\/index.php\/wp-json\/wp\/v2\/media\/43"}],"wp:attachment":[{"href":"https:\/\/venimed.pl\/index.php\/wp-json\/wp\/v2\/media?parent=49"}],"curies":[{"name":"wp","href":"https:\/\/api.w.org\/{rel}","templated":true}]}}